CRAN Package Check Results for Package orthoDr

Last updated on 2022-01-23 15:49:15 CET.

Flavor Version Tinstall Tcheck Ttotal Status Flags
r-devel-linux-x86_64-debian-clang 0.6.4 287.96 110.88 398.84 OK
r-devel-linux-x86_64-debian-gcc 0.6.4 212.78 92.89 305.67 OK
r-devel-linux-x86_64-fedora-clang 0.6.4 601.36 NOTE
r-devel-linux-x86_64-fedora-gcc 0.6.4 516.02 OK
r-devel-windows-x86_64-new-UL 0.6.4 220.00 161.00 381.00 OK
r-devel-windows-x86_64-new-TK 0.6.4 OK
r-patched-linux-x86_64 0.6.4 235.40 106.91 342.31 OK
r-release-linux-x86_64 0.6.4 240.30 108.60 348.90 OK
r-release-macos-arm64 0.6.4 NOTE
r-release-macos-x86_64 0.6.4 NOTE
r-release-windows-ix86+x86_64 0.6.4 665.00 174.00 839.00 OK
r-oldrel-macos-x86_64 0.6.4 NOTE
r-oldrel-windows-ix86+x86_64 0.6.4 666.00 180.00 846.00 OK

Check Details

Version: 0.6.4
Check: installed package size
Result: NOTE
     installed size is 15.9Mb
     sub-directories of 1Mb or more:
     libs 15.6Mb
Flavors: r-devel-linux-x86_64-fedora-clang, r-release-macos-arm64, r-release-macos-x86_64, r-oldrel-macos-x86_64