CRAN Package Check Results for Package ordinalpattern

Last updated on 2022-01-23 15:49:15 CET.

Flavor Version Tinstall Tcheck Ttotal Status Flags
r-devel-linux-x86_64-debian-clang 0.2.0 3.31 32.13 35.44 NOTE
r-devel-linux-x86_64-debian-gcc 0.2.0 2.08 27.01 29.09 NOTE
r-devel-linux-x86_64-fedora-clang 0.2.0 44.03 NOTE
r-devel-linux-x86_64-fedora-gcc 0.2.0 32.02 NOTE
r-devel-windows-x86_64-new-UL 0.2.0 51.00 51.00 102.00 NOTE
r-devel-windows-x86_64-new-TK 0.2.0 NOTE
r-patched-linux-x86_64 0.2.0 2.30 30.68 32.98 NOTE
r-release-linux-x86_64 0.2.0 2.59 30.86 33.45 NOTE
r-release-macos-arm64 0.2.0 NOTE
r-release-macos-x86_64 0.2.0 NOTE
r-release-windows-ix86+x86_64 0.2.0 9.00 50.00 59.00 NOTE
r-oldrel-macos-x86_64 0.2.0 OK
r-oldrel-windows-ix86+x86_64 0.2.0 8.00 48.00 56.00 OK

Additional issues

rchk

Check Details

Version: 0.2.0
Check: LazyData
Result: NOTE
     'LazyData' is specified without a 'data' directory
Flavors: r-devel-linux-x86_64-debian-clang, r-devel-linux-x86_64-debian-gcc, r-devel-linux-x86_64-fedora-clang, r-devel-linux-x86_64-fedora-gcc, r-devel-windows-x86_64-new-UL, r-devel-windows-x86_64-new-TK, r-patched-linux-x86_64, r-release-linux-x86_64, r-release-macos-arm64, r-release-macos-x86_64, r-release-windows-ix86+x86_64

Version: 0.2.0
Check: compiled code
Result: NOTE
    File ‘ordinalpattern/libs/ordinalpattern.so’:
     Found no calls to: ‘R_registerRoutines’, ‘R_useDynamicSymbols’
    
    It is good practice to register native routines and to disable symbol
    search.
    
    See ‘Writing portable packages’ in the ‘Writing R Extensions’ manual.
Flavors: r-devel-linux-x86_64-fedora-clang, r-devel-linux-x86_64-fedora-gcc