Last updated on 2023-02-08 04:07:10 CET.
Flavor | Version | Tinstall | Tcheck | Ttotal | Status | Flags |
---|---|---|---|---|---|---|
r-devel-linux-x86_64-debian-clang | 0.1-1 | 55.73 | 84.84 | 140.57 | NOTE | |
r-devel-linux-x86_64-debian-gcc | 0.1-1 | 41.18 | 63.26 | 104.44 | NOTE | |
r-devel-linux-x86_64-fedora-clang | 0.1-1 | 197.35 | NOTE | |||
r-devel-linux-x86_64-fedora-gcc | 0.1-1 | 175.46 | NOTE | |||
r-devel-windows-x86_64 | 0.1-1 | 54.00 | 124.00 | 178.00 | NOTE | |
r-patched-linux-x86_64 | 0.1-1 | 39.22 | 81.99 | 121.21 | NOTE | |
r-release-linux-x86_64 | 0.1-1 | 45.05 | 82.71 | 127.76 | NOTE | |
r-release-macos-arm64 | 0.1-1 | 46.00 | NOTE | |||
r-release-macos-x86_64 | 0.1-1 | 65.00 | NOTE | |||
r-release-windows-x86_64 | 0.1-1 | 49.00 | 128.00 | 177.00 | NOTE | |
r-oldrel-macos-arm64 | 0.1-1 | 54.00 | NOTE | |||
r-oldrel-macos-x86_64 | 0.1-1 | 89.00 | NOTE | |||
r-oldrel-windows-ix86+x86_64 | 0.1-1 | 122.00 | 141.00 | 263.00 | NOTE |
Version: 0.1-1
Check: LazyData
Result: NOTE
'LazyData' is specified without a 'data' directory
Flavors: r-devel-linux-x86_64-debian-clang, r-devel-linux-x86_64-debian-gcc, r-devel-linux-x86_64-fedora-clang, r-devel-linux-x86_64-fedora-gcc, r-devel-windows-x86_64, r-patched-linux-x86_64, r-release-linux-x86_64, r-release-macos-arm64, r-release-macos-x86_64, r-release-windows-x86_64, r-oldrel-macos-arm64, r-oldrel-macos-x86_64, r-oldrel-windows-ix86+x86_64