CRAN Package Check Results for Package optpart

Last updated on 2022-07-06 03:52:21 CEST.

Flavor Version Tinstall Tcheck Ttotal Status Flags
r-devel-linux-x86_64-debian-clang 3.0-3 12.59 103.04 115.63 OK
r-devel-linux-x86_64-debian-gcc 3.0-3 10.45 77.46 87.91 OK
r-devel-linux-x86_64-fedora-clang 3.0-3 147.45 NOTE
r-devel-linux-x86_64-fedora-gcc 3.0-3 147.14 NOTE
r-devel-windows-x86_64 3.0-3 42.00 137.00 179.00 OK
r-patched-linux-x86_64 3.0-3 18.63 98.35 116.98 OK
r-release-linux-x86_64 3.0-3 13.34 99.02 112.36 OK
r-release-macos-arm64 3.0-3 51.00 OK
r-release-macos-x86_64 3.0-3 60.00 OK
r-release-windows-x86_64 3.0-3 41.00 141.00 182.00 OK
r-oldrel-macos-arm64 3.0-3 60.00 OK
r-oldrel-macos-x86_64 3.0-3 84.00 OK
r-oldrel-windows-ix86+x86_64 3.0-3 35.00 178.00 213.00 OK

Check Details

Version: 3.0-3
Check: Rd cross-references
Result: NOTE
    Undeclared package ‘vegan’ in Rd xrefs
Flavor: r-devel-linux-x86_64-fedora-clang

Version: 3.0-3
Check: compiled code
Result: NOTE
    File ‘optpart/libs/optpart.so’:
     Found no calls to: ‘R_registerRoutines’, ‘R_useDynamicSymbols’
    
    It is good practice to register native routines and to disable symbol
    search.
    
    See ‘Writing portable packages’ in the ‘Writing R Extensions’ manual.
Flavors: r-devel-linux-x86_64-fedora-clang, r-devel-linux-x86_64-fedora-gcc