CRAN Package Check Results for Package optinterv

Last updated on 2021-11-29 15:51:20 CET.

Flavor Version Tinstall Tcheck Ttotal Status Flags
r-devel-linux-x86_64-debian-clang 0.1.0 3.29 44.74 48.03 NOTE
r-devel-linux-x86_64-debian-gcc 0.1.0 2.56 34.03 36.59 NOTE
r-devel-linux-x86_64-fedora-clang 0.1.0 68.97 NOTE
r-devel-linux-x86_64-fedora-gcc 0.1.0 57.83 NOTE
r-devel-windows-x86_64-new-UL 0.1.0 11.00 86.00 97.00 NOTE
r-devel-windows-x86_64-new-TK 0.1.0 NOTE
r-devel-windows-x86_64-old 0.1.0 6.00 53.00 59.00 NOTE
r-patched-linux-x86_64 0.1.0 3.38 42.03 45.41 NOTE
r-patched-solaris-x86 0.1.0 82.80 NOTE
r-release-linux-x86_64 0.1.0 3.20 43.18 46.38 NOTE
r-release-macos-arm64 0.1.0 NOTE
r-release-macos-x86_64 0.1.0 NOTE
r-release-windows-ix86+x86_64 0.1.0 8.00 48.00 56.00 NOTE
r-oldrel-macos-x86_64 0.1.0 OK
r-oldrel-windows-ix86+x86_64 0.1.0 6.00 53.00 59.00 OK

Check Details

Version: 0.1.0
Check: LazyData
Result: NOTE
     'LazyData' is specified without a 'data' directory
Flavors: r-devel-linux-x86_64-debian-clang, r-devel-linux-x86_64-debian-gcc, r-devel-linux-x86_64-fedora-clang, r-devel-linux-x86_64-fedora-gcc, r-devel-windows-x86_64-new-UL, r-devel-windows-x86_64-new-TK, r-devel-windows-x86_64-old, r-patched-linux-x86_64, r-patched-solaris-x86, r-release-linux-x86_64, r-release-macos-arm64, r-release-macos-x86_64, r-release-windows-ix86+x86_64