Last updated on 2022-05-22 15:53:25 CEST.
Flavor | Version | Tinstall | Tcheck | Ttotal | Status | Flags |
---|---|---|---|---|---|---|
r-devel-linux-x86_64-debian-clang | 0.2.0 | 3.40 | 225.57 | 228.97 | OK | |
r-devel-linux-x86_64-debian-gcc | 0.2.0 | 2.43 | 159.86 | 162.29 | OK | |
r-devel-linux-x86_64-fedora-clang | 0.2.0 | 273.08 | NOTE | |||
r-devel-linux-x86_64-fedora-gcc | 0.2.0 | 264.74 | NOTE | |||
r-devel-windows-x86_64 | 0.2.0 | 12.00 | 243.00 | 255.00 | OK | |
r-patched-linux-x86_64 | 0.2.0 | 3.16 | 217.37 | 220.53 | OK | |
r-release-linux-x86_64 | 0.2.0 | 3.14 | 215.46 | 218.60 | OK | |
r-release-macos-arm64 | 0.2.0 | 75.00 | NOTE | |||
r-release-macos-x86_64 | 0.2.0 | 88.00 | NOTE | |||
r-release-windows-x86_64 | 0.2.0 | 13.00 | 239.00 | 252.00 | OK | |
r-oldrel-macos-arm64 | 0.2.0 | 78.00 | NOTE | |||
r-oldrel-macos-x86_64 | 0.2.0 | 131.00 | NOTE | |||
r-oldrel-windows-ix86+x86_64 | 0.2.0 | 7.00 | 253.00 | 260.00 | OK |
Version: 0.2.0
Check: dependencies in R code
Result: NOTE
Namespace in Imports field not imported from: ‘methods’
All declared Imports should be used.
Flavors: r-devel-linux-x86_64-fedora-clang, r-devel-linux-x86_64-fedora-gcc, r-release-macos-arm64, r-release-macos-x86_64, r-oldrel-macos-arm64, r-oldrel-macos-x86_64