CRAN Package Check Results for Package openadds

Last updated on 2022-01-27 04:05:30 CET.

Flavor Version Tinstall Tcheck Ttotal Status Flags
r-devel-linux-x86_64-debian-clang 0.2.0 5.64 58.54 64.18 NOTE
r-devel-linux-x86_64-debian-gcc 0.2.0 4.38 46.15 50.53 NOTE
r-devel-linux-x86_64-fedora-clang 0.2.0 76.39 NOTE
r-devel-linux-x86_64-fedora-gcc 0.2.0 65.89 NOTE
r-devel-windows-x86_64-new-UL 0.2.0 38.00 104.00 142.00 NOTE
r-devel-windows-x86_64-new-TK 0.2.0 NOTE
r-patched-linux-x86_64 0.2.0 4.48 54.04 58.52 NOTE
r-release-linux-x86_64 0.2.0 4.22 54.21 58.43 NOTE
r-release-macos-arm64 0.2.0 NOTE
r-release-macos-x86_64 0.2.0 NOTE
r-release-windows-ix86+x86_64 0.2.0 24.00 105.00 129.00 NOTE
r-oldrel-macos-x86_64 0.2.0 OK
r-oldrel-windows-ix86+x86_64 0.2.0 24.00 107.00 131.00 OK

Check Details

Version: 0.2.0
Check: LazyData
Result: NOTE
     'LazyData' is specified without a 'data' directory
Flavors: r-devel-linux-x86_64-debian-clang, r-devel-linux-x86_64-debian-gcc, r-devel-linux-x86_64-fedora-clang, r-devel-linux-x86_64-fedora-gcc, r-devel-windows-x86_64-new-UL, r-devel-windows-x86_64-new-TK, r-patched-linux-x86_64, r-release-linux-x86_64, r-release-macos-arm64, r-release-macos-x86_64, r-release-windows-ix86+x86_64