CRAN Package Check Results for Package openSTARS

Last updated on 2022-01-27 04:05:30 CET.

Flavor Version Tinstall Tcheck Ttotal Status Flags
r-devel-linux-x86_64-debian-clang 1.2.2 17.61 149.58 167.19 NOTE
r-devel-linux-x86_64-debian-gcc 1.2.2 14.89 114.19 129.08 NOTE
r-devel-linux-x86_64-fedora-clang 1.2.2 193.91 NOTE
r-devel-linux-x86_64-fedora-gcc 1.2.2 190.96 NOTE
r-devel-windows-x86_64-new-UL 1.2.2 76.00 187.00 263.00 NOTE
r-devel-windows-x86_64-new-TK 1.2.2 NOTE
r-patched-linux-x86_64 1.2.2 16.08 135.77 151.85 NOTE
r-release-linux-x86_64 1.2.2 14.95 133.86 148.81 NOTE
r-release-macos-arm64 1.2.2 NOTE
r-release-macos-x86_64 1.2.2 NOTE
r-release-windows-ix86+x86_64 1.2.2 44.00 198.00 242.00 NOTE
r-oldrel-macos-x86_64 1.2.2 NOTE
r-oldrel-windows-ix86+x86_64 1.2.2 45.00 179.00 224.00 NOTE

Check Details

Version: 1.2.2
Check: LazyData
Result: NOTE
     'LazyData' is specified without a 'data' directory
Flavors: r-devel-linux-x86_64-debian-clang, r-devel-linux-x86_64-debian-gcc, r-devel-linux-x86_64-fedora-clang, r-devel-linux-x86_64-fedora-gcc, r-devel-windows-x86_64-new-UL, r-devel-windows-x86_64-new-TK, r-patched-linux-x86_64, r-release-linux-x86_64, r-release-macos-arm64, r-release-macos-x86_64, r-release-windows-ix86+x86_64

Version: 1.2.2
Check: installed package size
Result: NOTE
     installed size is 9.4Mb
     sub-directories of 1Mb or more:
     extdata 9.0Mb
Flavors: r-devel-linux-x86_64-fedora-clang, r-devel-windows-x86_64-new-UL, r-release-macos-arm64, r-release-macos-x86_64, r-release-windows-ix86+x86_64, r-oldrel-macos-x86_64, r-oldrel-windows-ix86+x86_64