CRAN Package Check Results for Package openNLPdata

Last updated on 2022-01-26 15:52:57 CET.

Flavor Version Tinstall Tcheck Ttotal Status Flags
r-devel-linux-x86_64-debian-clang 1.5.3-4 3.41 34.88 38.29 OK
r-devel-linux-x86_64-debian-gcc 1.5.3-4 2.92 27.32 30.24 OK
r-devel-linux-x86_64-fedora-clang 1.5.3-4 45.09 NOTE
r-devel-linux-x86_64-fedora-gcc 1.5.3-4 37.78 NOTE
r-devel-windows-x86_64-new-UL 1.5.3-4 29.00 43.00 72.00 NOTE
r-devel-windows-x86_64-new-TK 1.5.3-4 OK
r-patched-linux-x86_64 1.5.3-4 3.16 32.56 35.72 OK
r-release-linux-x86_64 1.5.3-4 3.46 32.71 36.17 OK
r-release-macos-arm64 1.5.3-4 NOTE
r-release-macos-x86_64 1.5.3-4 NOTE
r-release-windows-ix86+x86_64 1.5.3-4 9.00 30.00 39.00 NOTE
r-oldrel-macos-x86_64 1.5.3-4 NOTE
r-oldrel-windows-ix86+x86_64 1.5.3-4 8.00 40.00 48.00 NOTE

Check Details

Version: 1.5.3-4
Check: installed package size
Result: NOTE
     installed size is 7.2Mb
     sub-directories of 1Mb or more:
     java 1.2Mb
     models 6.0Mb
Flavors: r-devel-linux-x86_64-fedora-clang, r-devel-windows-x86_64-new-UL, r-release-macos-arm64, r-release-macos-x86_64, r-release-windows-ix86+x86_64, r-oldrel-macos-x86_64, r-oldrel-windows-ix86+x86_64

Version: 1.5.3-4
Check: top-level files
Result: NOTE
     possible bashism in configure line 52 (test -a/-o):
     if test ${java_version_maj} -ge 5 || \
     test ${java_version_maj} -eq 1 -a ${java_version_min} -ge 5;
Flavors: r-devel-linux-x86_64-fedora-clang, r-devel-linux-x86_64-fedora-gcc