CRAN Package Check Results for Package onls

Last updated on 2022-01-20 15:57:04 CET.

Flavor Version Tinstall Tcheck Ttotal Status Flags
r-devel-linux-x86_64-debian-clang 0.1-1 NOTE
r-devel-linux-x86_64-debian-gcc 0.1-1 2.60 39.29 41.89 NOTE
r-devel-linux-x86_64-fedora-clang 0.1-1 103.33 NOTE
r-devel-linux-x86_64-fedora-gcc 0.1-1 90.70 NOTE
r-devel-windows-x86_64-new-UL 0.1-1 22.00 79.00 101.00 NOTE
r-devel-windows-x86_64-new-TK 0.1-1 NOTE
r-patched-linux-x86_64 0.1-1 3.83 111.01 114.84 NOTE
r-release-linux-x86_64 0.1-1 2.98 48.08 51.06 NOTE
r-release-macos-arm64 0.1-1 NOTE
r-release-macos-x86_64 0.1-1 NOTE
r-release-windows-ix86+x86_64 0.1-1 6.00 63.00 69.00 NOTE
r-oldrel-macos-x86_64 0.1-1 OK
r-oldrel-windows-ix86+x86_64 0.1-1 6.00 62.00 68.00 OK

Check Details

Version: 0.1-1
Check: LazyData
Result: NOTE
     'LazyData' is specified without a 'data' directory
Flavors: r-devel-linux-x86_64-debian-clang, r-devel-linux-x86_64-debian-gcc, r-devel-linux-x86_64-fedora-clang, r-devel-linux-x86_64-fedora-gcc, r-devel-windows-x86_64-new-UL, r-devel-windows-x86_64-new-TK, r-patched-linux-x86_64, r-release-linux-x86_64, r-release-macos-arm64, r-release-macos-x86_64, r-release-windows-ix86+x86_64