CRAN Package Check Results for Package onlineforecast

Last updated on 2021-12-07 03:53:49 CET.

Flavor Version Tinstall Tcheck Ttotal Status Flags
r-devel-linux-x86_64-debian-clang 1.0.0 40.90 357.82 398.72 OK
r-devel-linux-x86_64-debian-gcc 1.0.0 35.46 252.71 288.17 OK
r-devel-linux-x86_64-fedora-clang 1.0.0 489.94 OK
r-devel-linux-x86_64-fedora-gcc 1.0.0 468.63 OK
r-devel-windows-x86_64-new-UL 1.0.0 70.00 469.00 539.00 OK
r-devel-windows-x86_64-new-TK 1.0.0 OK
r-devel-windows-x86_64-old 1.0.0 64.00 334.00 398.00 OK
r-patched-linux-x86_64 1.0.0 43.03 336.96 379.99 OK
r-release-linux-x86_64 1.0.0 40.64 349.73 390.37 OK
r-release-macos-arm64 1.0.0 NOTE
r-release-macos-x86_64 1.0.0 NOTE
r-release-windows-ix86+x86_64 1.0.0 85.00 402.00 487.00 NOTE
r-oldrel-macos-x86_64 1.0.0 NOTE
r-oldrel-windows-ix86+x86_64 1.0.0 118.00 451.00 569.00 NOTE

Check Details

Version: 1.0.0
Check: installed package size
Result: NOTE
     installed size is 5.8Mb
     sub-directories of 1Mb or more:
     doc 3.2Mb
     libs 2.0Mb
Flavors: r-release-macos-arm64, r-release-macos-x86_64, r-release-windows-ix86+x86_64, r-oldrel-macos-x86_64, r-oldrel-windows-ix86+x86_64