CRAN Package Check Results for Package omics

Last updated on 2022-01-23 15:49:15 CET.

Flavor Version Tinstall Tcheck Ttotal Status Flags
r-devel-linux-x86_64-debian-clang 0.1-5 8.88 90.57 99.45 OK
r-devel-linux-x86_64-debian-gcc 0.1-5 8.16 78.88 87.04 OK
r-devel-linux-x86_64-fedora-clang 0.1-5 123.40 OK
r-devel-linux-x86_64-fedora-gcc 0.1-5 109.20 OK
r-devel-windows-x86_64-new-UL 0.1-5 25.00 107.00 132.00 OK
r-devel-windows-x86_64-new-TK 0.1-5 ERROR
r-patched-linux-x86_64 0.1-5 10.91 90.58 101.49 OK
r-release-linux-x86_64 0.1-5 9.22 88.86 98.08 OK
r-release-macos-arm64 0.1-5 OK
r-release-macos-x86_64 0.1-5 OK
r-release-windows-ix86+x86_64 0.1-5 22.00 100.00 122.00 OK
r-oldrel-macos-x86_64 0.1-5 OK
r-oldrel-windows-ix86+x86_64 0.1-5 20.00 104.00 124.00 OK

Check Details

Version: 0.1-5
Check: package dependencies
Result: ERROR
    Package required but not available: 'lme4'
    
    See section 'The DESCRIPTION file' in the 'Writing R Extensions'
    manual.
Flavor: r-devel-windows-x86_64-new-TK