Last updated on 2022-06-26 15:53:05 CEST.
Flavor | Version | Tinstall | Tcheck | Ttotal | Status | Flags |
---|---|---|---|---|---|---|
r-devel-linux-x86_64-debian-clang | 1.8.4 | 75.35 | 522.59 | 597.94 | OK | |
r-devel-linux-x86_64-debian-gcc | 1.8.4 | 55.08 | 381.15 | 436.23 | OK | |
r-devel-linux-x86_64-fedora-clang | 1.8.4 | 682.83 | NOTE | |||
r-devel-linux-x86_64-fedora-gcc | 1.8.4 | 696.00 | OK | |||
r-devel-windows-x86_64 | 1.8.4 | 101.00 | 468.00 | 569.00 | NOTE | |
r-patched-linux-x86_64 | 1.8.4 | 64.75 | 506.00 | 570.75 | OK | |
r-release-linux-x86_64 | 1.8.4 | 70.69 | 503.46 | 574.15 | OK | |
r-release-macos-arm64 | 1.8.4 | 132.00 | NOTE | |||
r-release-macos-x86_64 | 1.8.4 | 264.00 | NOTE | |||
r-release-windows-x86_64 | 1.8.4 | 119.00 | 472.00 | 591.00 | NOTE | |
r-oldrel-macos-arm64 | 1.8.4 | 232.00 | NOTE | |||
r-oldrel-macos-x86_64 | 1.8.4 | 195.00 | NOTE | |||
r-oldrel-windows-ix86+x86_64 | 1.8.4 | 134.00 | 512.00 | 646.00 | NOTE |
Version: 1.8.4
Check: installed package size
Result: NOTE
installed size is 5.3Mb
sub-directories of 1Mb or more:
R 1.5Mb
doc 1.2Mb
extdata 1.9Mb
Flavors: r-devel-linux-x86_64-fedora-clang, r-devel-windows-x86_64, r-release-macos-arm64, r-release-macos-x86_64, r-release-windows-x86_64, r-oldrel-macos-arm64, r-oldrel-macos-x86_64, r-oldrel-windows-ix86+x86_64