Last updated on 2023-10-01 05:05:48 CEST.
Flavor | Version | Tinstall | Tcheck | Ttotal | Status | Flags |
---|---|---|---|---|---|---|
r-devel-linux-x86_64-debian-clang | 1.8.5 | 52.47 | 277.88 | 330.35 | OK | |
r-devel-linux-x86_64-debian-gcc | 1.8.5 | 40.78 | 203.40 | 244.18 | OK | |
r-devel-linux-x86_64-fedora-clang | 1.8.5 | 407.29 | NOTE | |||
r-devel-linux-x86_64-fedora-gcc | 1.8.5 | 420.32 | OK | |||
r-devel-windows-x86_64 | 1.8.5 | 40.00 | 190.00 | 230.00 | NOTE | |
r-patched-linux-x86_64 | 1.8.5 | 31.83 | 262.81 | 294.64 | OK | |
r-release-linux-x86_64 | 1.8.5 | 32.93 | 267.63 | 300.56 | OK | |
r-release-macos-arm64 | 1.8.5 | 106.00 | NOTE | |||
r-release-macos-x86_64 | 1.8.5 | 175.00 | NOTE | |||
r-release-windows-x86_64 | 1.8.5 | 58.00 | 238.00 | 296.00 | NOTE | |
r-oldrel-macos-arm64 | 1.8.5 | 99.00 | NOTE | |||
r-oldrel-macos-x86_64 | 1.8.5 | 135.00 | NOTE | |||
r-oldrel-windows-x86_64 | 1.8.5 | 58.00 | 238.00 | 296.00 | NOTE |
Version: 1.8.5
Check: installed package size
Result: NOTE
installed size is 9.5Mb
sub-directories of 1Mb or more:
R 1.5Mb
doc 5.7Mb
extdata 1.6Mb
Flavors: r-devel-linux-x86_64-fedora-clang, r-devel-windows-x86_64, r-release-macos-arm64, r-release-macos-x86_64, r-release-windows-x86_64, r-oldrel-macos-arm64, r-oldrel-macos-x86_64, r-oldrel-windows-x86_64