CRAN Package Check Results for Package oceanis

Last updated on 2022-11-29 02:55:07 CET.

Flavor Version Tinstall Tcheck Ttotal Status Flags
r-devel-linux-x86_64-debian-clang 1.8.5 50.32 280.23 330.55 OK
r-devel-linux-x86_64-debian-gcc 1.8.5 38.37 202.52 240.89 OK
r-devel-linux-x86_64-fedora-clang 1.8.5 437.06 NOTE
r-devel-linux-x86_64-fedora-gcc 1.8.5 400.01 OK
r-devel-windows-x86_64 1.8.5 62.00 288.00 350.00 NOTE
r-patched-linux-x86_64 1.8.5 40.10 265.57 305.67 OK
r-release-linux-x86_64 1.8.5 47.63 262.45 310.08 OK
r-release-macos-arm64 1.8.5 99.00 NOTE
r-release-macos-x86_64 1.8.5 135.00 NOTE
r-release-windows-x86_64 1.8.5 102.00 279.00 381.00 NOTE
r-oldrel-macos-arm64 1.8.5 97.00 NOTE
r-oldrel-macos-x86_64 1.8.5 130.00 NOTE
r-oldrel-windows-ix86+x86_64 1.8.5 83.00 287.00 370.00 NOTE

Check Details

Version: 1.8.5
Check: installed package size
Result: NOTE
     installed size is 9.6Mb
     sub-directories of 1Mb or more:
     R 1.5Mb
     doc 5.7Mb
     extdata 1.6Mb
Flavors: r-devel-linux-x86_64-fedora-clang, r-devel-windows-x86_64, r-release-macos-arm64, r-release-macos-x86_64, r-release-windows-x86_64, r-oldrel-macos-arm64, r-oldrel-macos-x86_64, r-oldrel-windows-ix86+x86_64