CRAN Package Check Results for Package oceanic

Last updated on 2022-09-24 15:55:26 CEST.

Flavor Version Tinstall Tcheck Ttotal Status Flags
r-devel-linux-x86_64-debian-clang 0.1.4 13.04 98.33 111.37 OK
r-devel-linux-x86_64-debian-gcc 0.1.4 10.46 73.20 83.66 OK
r-devel-linux-x86_64-fedora-clang 0.1.4 137.28 NOTE
r-devel-linux-x86_64-fedora-gcc 0.1.4 133.34 NOTE
r-devel-windows-x86_64 0.1.4 16.00 117.00 133.00 OK
r-patched-linux-x86_64 0.1.4 8.95 89.82 98.77 OK
r-release-linux-x86_64 0.1.4 7.90 91.63 99.53 OK
r-release-macos-arm64 0.1.4 69.00 NOTE
r-release-macos-x86_64 0.1.4 126.00 NOTE
r-release-windows-x86_64 0.1.4 20.00 112.00 132.00 OK
r-oldrel-macos-arm64 0.1.4 74.00 NOTE
r-oldrel-macos-x86_64 0.1.4 121.00 NOTE
r-oldrel-windows-ix86+x86_64 0.1.4 28.00 113.00 141.00 OK

Check Details

Version: 0.1.4
Check: data for non-ASCII characters
Result: NOTE
     Note: found 1242 marked UTF-8 strings
Flavors: r-devel-linux-x86_64-fedora-clang, r-devel-linux-x86_64-fedora-gcc, r-release-macos-arm64, r-release-macos-x86_64, r-oldrel-macos-arm64, r-oldrel-macos-x86_64