CRAN Package Check Results for Package nzelect

Last updated on 2021-10-17 03:52:11 CEST.

Flavor Version Tinstall Tcheck Ttotal Status Flags
r-devel-linux-x86_64-debian-clang 0.4.0 12.25 61.71 73.96 OK
r-devel-linux-x86_64-debian-gcc 0.4.0 11.29 48.72 60.01 OK
r-devel-linux-x86_64-fedora-clang 0.4.0 101.33 NOTE
r-devel-linux-x86_64-fedora-gcc 0.4.0 91.36 NOTE
r-devel-windows-x86_64 0.4.0 19.00 96.00 115.00 OK
r-devel-windows-x86_64-gcc10-UCRT 0.4.0 NOTE
r-patched-linux-x86_64 0.4.0 11.87 59.08 70.95 OK
r-patched-solaris-x86 0.4.0 127.50 NOTE
r-release-linux-x86_64 0.4.0 10.70 59.03 69.73 OK
r-release-macos-arm64 0.4.0 NOTE
r-release-macos-x86_64 0.4.0 NOTE
r-release-windows-ix86+x86_64 0.4.0 19.00 84.00 103.00 OK
r-oldrel-macos-x86_64 0.4.0 NOTE
r-oldrel-windows-ix86+x86_64 0.4.0 21.00 84.00 105.00 OK

Check Details

Version: 0.4.0
Check: data for non-ASCII characters
Result: NOTE
     Note: found 6409 marked UTF-8 strings
Flavors: r-devel-linux-x86_64-fedora-clang, r-devel-linux-x86_64-fedora-gcc, r-devel-windows-x86_64-gcc10-UCRT, r-patched-solaris-x86, r-release-macos-arm64, r-release-macos-x86_64, r-oldrel-macos-x86_64

Version: 0.4.0
Check: installed package size
Result: NOTE
     installed size is 5.3Mb
     sub-directories of 1Mb or more:
     data 5.0Mb
Flavor: r-release-macos-arm64