CRAN Package Check Results for Package nullabor

Last updated on 2022-01-19 04:48:31 CET.

Flavor Version Tinstall Tcheck Ttotal Status Flags
r-devel-linux-x86_64-debian-clang 0.3.9 9.43 326.21 335.64 OK
r-devel-linux-x86_64-debian-gcc 0.3.9 9.35 245.92 255.27 OK
r-devel-linux-x86_64-fedora-clang 0.3.9 403.60 NOTE
r-devel-linux-x86_64-fedora-gcc 0.3.9 386.37 NOTE
r-devel-windows-x86_64-new-UL 0.3.9 38.00 346.00 384.00 OK
r-devel-windows-x86_64-new-TK 0.3.9 NOTE
r-patched-linux-x86_64 0.3.9 8.89 125.38 134.27 OK
r-release-linux-x86_64 0.3.9 OK
r-release-macos-arm64 0.3.9 NOTE
r-release-macos-x86_64 0.3.9 NOTE
r-release-windows-ix86+x86_64 0.3.9 24.00 152.00 176.00 OK
r-oldrel-macos-x86_64 0.3.9 NOTE
r-oldrel-windows-ix86+x86_64 0.3.9 24.00 155.00 179.00 OK

Check Details

Version: 0.3.9
Check: dependencies in R code
Result: NOTE
    Namespaces in Imports field not imported from:
     ‘forecast’ ‘rlang’ ‘tsibble’ ‘viridis’
     All declared Imports should be used.
Flavors: r-devel-linux-x86_64-fedora-clang, r-devel-linux-x86_64-fedora-gcc, r-devel-windows-x86_64-new-TK, r-release-macos-arm64, r-release-macos-x86_64, r-oldrel-macos-x86_64