CRAN Package Check Results for Package nse

Last updated on 2024-07-25 15:47:15 CEST.

Flavor Version Tinstall Tcheck Ttotal Status Flags
r-devel-linux-x86_64-debian-clang 1.21 24.70 89.28 113.98 OK
r-devel-linux-x86_64-debian-gcc 1.21 16.84 68.72 85.56 NOTE
r-devel-linux-x86_64-fedora-clang 1.21 158.50 OK
r-devel-linux-x86_64-fedora-gcc 1.21 133.39 OK
r-devel-windows-x86_64 1.21 21.00 95.00 116.00 NOTE
r-patched-linux-x86_64 1.21 OK
r-release-linux-x86_64 1.21 14.02 85.46 99.48 OK
r-release-macos-arm64 1.21 45.00 OK
r-release-macos-x86_64 1.21 72.00 OK
r-release-windows-x86_64 1.21 24.00 97.00 121.00 OK
r-oldrel-macos-arm64 1.21 50.00 OK
r-oldrel-macos-x86_64 1.21 68.00 OK
r-oldrel-windows-x86_64 1.21 26.00 121.00 147.00 OK

Check Details

Version: 1.21
Check: Rd cross-references
Result: NOTE Found the following Rd file(s) with Rd \link{} targets missing package anchors: nse.andrews.Rd: sandwich nse.boot.Rd: np nse.geyer.Rd: mcmc, mcmcse nse.hiruk.Rd: sandwich nse.nw.Rd: sandwich Please provide package anchors for all Rd \link{} targets not in the package itself and the base packages. Flavors: r-devel-linux-x86_64-debian-gcc, r-devel-windows-x86_64