CRAN Package Check Results for Package nproc

Last updated on 2022-01-24 15:54:20 CET.

Flavor Version Tinstall Tcheck Ttotal Status Flags
r-devel-linux-x86_64-debian-clang 2.1.5 7.97 129.88 137.85 NOTE
r-devel-linux-x86_64-debian-gcc 2.1.5 6.42 90.30 96.72 NOTE
r-devel-linux-x86_64-fedora-clang 2.1.5 167.10 NOTE
r-devel-linux-x86_64-fedora-gcc 2.1.5 166.03 NOTE
r-devel-windows-x86_64-new-UL 2.1.5 27.00 152.00 179.00 NOTE
r-devel-windows-x86_64-new-TK 2.1.5 NOTE
r-patched-linux-x86_64 2.1.5 7.60 129.30 136.90 NOTE
r-release-linux-x86_64 2.1.5 7.45 128.23 135.68 NOTE
r-release-macos-arm64 2.1.5 NOTE
r-release-macos-x86_64 2.1.5 NOTE
r-release-windows-ix86+x86_64 2.1.5 19.00 162.00 181.00 NOTE
r-oldrel-macos-x86_64 2.1.5 OK
r-oldrel-windows-ix86+x86_64 2.1.5 19.00 166.00 185.00 OK

Check Details

Version: 2.1.5
Check: LazyData
Result: NOTE
     'LazyData' is specified without a 'data' directory
Flavors: r-devel-linux-x86_64-debian-clang, r-devel-linux-x86_64-debian-gcc, r-devel-linux-x86_64-fedora-clang, r-devel-linux-x86_64-fedora-gcc, r-devel-windows-x86_64-new-UL, r-devel-windows-x86_64-new-TK, r-patched-linux-x86_64, r-release-linux-x86_64, r-release-macos-arm64, r-release-macos-x86_64, r-release-windows-ix86+x86_64