CRAN Package Check Results for Package norm2

Last updated on 2022-07-02 15:52:24 CEST.

Flavor Version Tinstall Tcheck Ttotal Status Flags
r-devel-linux-x86_64-debian-clang 2.0.4 15.67 41.20 56.87 OK
r-devel-linux-x86_64-debian-gcc 2.0.4 12.07 31.58 43.65 OK
r-devel-linux-x86_64-fedora-clang 2.0.4 81.10 NOTE
r-devel-linux-x86_64-fedora-gcc 2.0.4 80.19 NOTE
r-devel-windows-x86_64 2.0.4 28.00 70.00 98.00 OK
r-patched-linux-x86_64 2.0.4 12.76 39.06 51.82 OK
r-release-linux-x86_64 2.0.4 12.77 39.46 52.23 OK
r-release-macos-arm64 2.0.4 31.00 OK
r-release-macos-x86_64 2.0.4 35.00 OK
r-release-windows-x86_64 2.0.4 23.00 69.00 92.00 OK
r-oldrel-macos-arm64 2.0.4 37.00 OK
r-oldrel-macos-x86_64 2.0.4 43.00 OK
r-oldrel-windows-ix86+x86_64 2.0.4 38.00 55.00 93.00 OK

Check Details

Version: 2.0.4
Check: compiled code
Result: NOTE
    File ‘norm2/libs/norm2.so’:
     Found no calls to: ‘R_registerRoutines’, ‘R_useDynamicSymbols’
    
    It is good practice to register native routines and to disable symbol
    search.
    
    See ‘Writing portable packages’ in the ‘Writing R Extensions’ manual.
Flavors: r-devel-linux-x86_64-fedora-clang, r-devel-linux-x86_64-fedora-gcc