CRAN Package Check Results for Package nonmem2rx

Last updated on 2024-07-21 15:53:40 CEST.

Flavor Version Tinstall Tcheck Ttotal Status Flags
r-devel-linux-x86_64-debian-clang 0.1.4 48.74 259.62 308.36 OK
r-devel-linux-x86_64-debian-gcc 0.1.4 30.53 196.38 226.91 OK
r-devel-linux-x86_64-fedora-clang 0.1.4 394.79 NOTE
r-devel-linux-x86_64-fedora-gcc 0.1.4 392.00 OK
r-devel-windows-x86_64 0.1.4 50.00 298.00 348.00 NOTE
r-patched-linux-x86_64 0.1.4 42.60 249.62 292.22 OK
r-release-linux-x86_64 0.1.4 45.54 248.63 294.17 OK
r-release-macos-arm64 0.1.4 133.00 NOTE
r-release-macos-x86_64 0.1.4 284.00 NOTE
r-release-windows-x86_64 0.1.4 55.00 288.00 343.00 NOTE
r-oldrel-macos-arm64 0.1.4 132.00 NOTE
r-oldrel-macos-x86_64 0.1.4 298.00 NOTE
r-oldrel-windows-x86_64 0.1.4 66.00 364.00 430.00 NOTE

Check Details

Version: 0.1.4
Check: installed package size
Result: NOTE installed size is 7.4Mb sub-directories of 1Mb or more: libs 3.3Mb mods 3.4Mb Flavors: r-devel-linux-x86_64-fedora-clang, r-devel-windows-x86_64, r-release-macos-arm64, r-release-macos-x86_64, r-release-windows-x86_64, r-oldrel-macos-arm64, r-oldrel-macos-x86_64, r-oldrel-windows-x86_64