CRAN Package Check Results for Package nonmem2R

Last updated on 2021-11-27 15:50:48 CET.

Flavor Version Tinstall Tcheck Ttotal Status Flags
r-devel-linux-x86_64-debian-clang 0.2.3 NOTE
r-devel-linux-x86_64-debian-gcc 0.2.3 8.62 102.51 111.13 NOTE
r-devel-linux-x86_64-fedora-clang 0.2.3 187.79 NOTE
r-devel-linux-x86_64-fedora-gcc 0.2.3 175.40 NOTE
r-devel-windows-x86_64-new-UL 0.2.3 24.00 206.00 230.00 NOTE
r-devel-windows-x86_64-new-TK 0.2.3 NOTE
r-devel-windows-x86_64-old 0.2.3 12.00 184.00 196.00 NOTE
r-patched-linux-x86_64 0.2.3 8.93 129.83 138.76 NOTE
r-patched-solaris-x86 0.2.3 164.90 NOTE
r-release-linux-x86_64 0.2.3 NOTE
r-release-macos-arm64 0.2.3 NOTE
r-release-macos-x86_64 0.2.3 NOTE
r-release-windows-ix86+x86_64 0.2.3 22.00 117.00 139.00 NOTE
r-oldrel-macos-x86_64 0.2.3 OK
r-oldrel-windows-ix86+x86_64 0.2.3 27.00 163.00 190.00 OK

Check Details

Version: 0.2.3
Check: LazyData
Result: NOTE
     'LazyData' is specified without a 'data' directory
Flavors: r-devel-linux-x86_64-debian-clang, r-devel-linux-x86_64-debian-gcc, r-devel-linux-x86_64-fedora-clang, r-devel-linux-x86_64-fedora-gcc, r-devel-windows-x86_64-new-UL, r-devel-windows-x86_64-new-TK, r-devel-windows-x86_64-old, r-patched-linux-x86_64, r-patched-solaris-x86, r-release-linux-x86_64, r-release-macos-arm64, r-release-macos-x86_64, r-release-windows-ix86+x86_64