CRAN Package Check Results for Package nonet

Last updated on 2021-10-26 02:56:37 CEST.

Flavor Version Tinstall Tcheck Ttotal Status Flags
r-devel-linux-x86_64-debian-clang 0.4.0 15.60 216.95 232.55 OK
r-devel-linux-x86_64-debian-gcc 0.4.0 13.24 163.59 176.83 OK
r-devel-linux-x86_64-fedora-clang 0.4.0 286.10 NOTE
r-devel-linux-x86_64-fedora-gcc 0.4.0 279.37 NOTE
r-devel-windows-x86_64 0.4.0 26.00 287.00 313.00 OK
r-devel-windows-x86_64-gcc10-UCRT 0.4.0 NOTE
r-patched-linux-x86_64 0.4.0 14.11 222.38 236.49 OK
r-patched-solaris-x86 0.4.0 321.50 NOTE
r-release-linux-x86_64 0.4.0 14.63 221.87 236.50 OK
r-release-macos-arm64 0.4.0 NOTE
r-release-macos-x86_64 0.4.0 NOTE
r-release-windows-ix86+x86_64 0.4.0 30.00 295.00 325.00 OK
r-oldrel-macos-x86_64 0.4.0 NOTE
r-oldrel-windows-ix86+x86_64 0.4.0 42.00 287.00 329.00 OK

Check Details

Version: 0.4.0
Check: dependencies in R code
Result: NOTE
    Namespaces in Imports field not imported from:
     ‘dplyr’ ‘e1071’ ‘pROC’ ‘purrr’ ‘randomForest’ ‘rlang’
     All declared Imports should be used.
Flavors: r-devel-linux-x86_64-fedora-clang, r-devel-linux-x86_64-fedora-gcc, r-devel-windows-x86_64-gcc10-UCRT, r-patched-solaris-x86, r-release-macos-arm64, r-release-macos-x86_64, r-oldrel-macos-x86_64