Last updated on 2023-05-30 16:00:39 CEST.
Flavor | Version | Tinstall | Tcheck | Ttotal | Status | Flags |
---|---|---|---|---|---|---|
r-devel-linux-x86_64-debian-clang | 1.2.5 | 21.21 | 108.93 | 130.14 | OK | |
r-devel-linux-x86_64-debian-gcc | 1.2.5 | 17.44 | 90.64 | 108.08 | OK | |
r-devel-linux-x86_64-fedora-clang | 1.2.5 | 346.74 | OK | |||
r-devel-linux-x86_64-fedora-gcc | 1.2.5 | 195.46 | OK | |||
r-devel-windows-x86_64 | 1.2.5 | 24.00 | 126.00 | 150.00 | OK | |
r-patched-linux-x86_64 | 1.2.5 | 20.93 | 1290.84 | 1311.77 | ERROR | |
r-release-linux-x86_64 | 1.2.5 | 16.93 | 112.49 | 129.42 | OK | |
r-release-macos-arm64 | 1.2.5 | 64.00 | OK | |||
r-release-macos-x86_64 | 1.2.5 | 96.00 | OK | |||
r-release-windows-x86_64 | 1.2.5 | 27.00 | 146.00 | 173.00 | OK | |
r-oldrel-macos-arm64 | 1.2.5 | 38.00 | OK | |||
r-oldrel-macos-x86_64 | 1.2.5 | 68.00 | OK | |||
r-oldrel-windows-x86_64 | 1.2.5 | 27.00 | 146.00 | 173.00 | OK |
Version: 1.2.5
Check: re-building of vignette outputs
Result: ERROR
Error(s) in re-building vignettes:
...
--- re-building ‘substitution_models.Rmd’ using rmarkdown
--- finished re-building ‘substitution_models.Rmd’
--- re-building ‘workflow.Rmd’ using rmarkdown
Killed
SUMMARY: processing the following file failed:
‘workflow.Rmd’
Error: Vignette re-building failed.
Execution halted
Flavor: r-patched-linux-x86_64