CRAN Package Check Results for Package nngeo

Last updated on 2022-01-24 03:51:38 CET.

Flavor Version Tinstall Tcheck Ttotal Status Flags
r-devel-linux-x86_64-debian-clang 0.4.5 6.84 87.08 93.92 OK
r-devel-linux-x86_64-debian-gcc 0.4.5 4.88 65.37 70.25 OK
r-devel-linux-x86_64-fedora-clang 0.4.5 116.31 NOTE
r-devel-linux-x86_64-fedora-gcc 0.4.5 103.74 NOTE
r-devel-windows-x86_64-new-UL 0.4.5 31.00 133.00 164.00 OK
r-devel-windows-x86_64-new-TK 0.4.5 NOTE
r-patched-linux-x86_64 0.4.5 7.06 81.95 89.01 OK
r-release-linux-x86_64 0.4.5 7.23 80.76 87.99 OK
r-release-macos-arm64 0.4.5 NOTE
r-release-macos-x86_64 0.4.5 NOTE
r-release-windows-ix86+x86_64 0.4.5 27.00 135.00 162.00 OK
r-oldrel-macos-x86_64 0.4.4 NOTE
r-oldrel-windows-ix86+x86_64 0.4.5 24.00 137.00 161.00 OK

Check Details

Version: 0.4.5
Check: dependencies in R code
Result: NOTE
    Namespaces in Imports field not imported from:
     ‘lwgeom’ ‘s2’
     All declared Imports should be used.
Flavors: r-devel-linux-x86_64-fedora-clang, r-devel-linux-x86_64-fedora-gcc, r-devel-windows-x86_64-new-TK, r-release-macos-arm64, r-release-macos-x86_64

Version: 0.4.4
Check: dependencies in R code
Result: NOTE
    Namespaces in Imports field not imported from:
     ‘lwgeom’ ‘s2’
     All declared Imports should be used.
Flavor: r-oldrel-macos-x86_64