CRAN Package Check Results for Package nmadb

Last updated on 2022-01-16 15:48:34 CET.

Flavor Version Tinstall Tcheck Ttotal Status Flags
r-devel-linux-x86_64-debian-clang 1.2.0 1.68 42.34 44.02 OK
r-devel-linux-x86_64-debian-gcc 1.2.0 1.89 33.14 35.03 OK
r-devel-linux-x86_64-fedora-clang 1.2.0 55.83 NOTE
r-devel-linux-x86_64-fedora-gcc 1.2.0 44.35 NOTE
r-devel-windows-x86_64-new-UL 1.2.0 20.00 64.00 84.00 OK
r-devel-windows-x86_64-new-TK 1.2.0 ERROR
r-patched-linux-x86_64 1.2.0 2.29 41.38 43.67 OK
r-release-linux-x86_64 1.2.0 OK
r-release-macos-arm64 1.2.0 NOTE
r-release-macos-x86_64 1.2.0 NOTE
r-release-windows-ix86+x86_64 1.2.0 6.00 42.00 48.00 OK
r-oldrel-macos-x86_64 1.2.0 NOTE
r-oldrel-windows-ix86+x86_64 1.2.0 7.00 45.00 52.00 OK

Check Details

Version: 1.2.0
Check: dependencies in R code
Result: NOTE
    Namespaces in Imports field not imported from:
     ‘devtools’ ‘jsonlite’
     All declared Imports should be used.
Flavors: r-devel-linux-x86_64-fedora-clang, r-devel-linux-x86_64-fedora-gcc, r-devel-windows-x86_64-new-TK, r-release-macos-arm64, r-release-macos-x86_64, r-oldrel-macos-x86_64

Version: 1.2.0
Check: package dependencies
Result: NOTE
    Package suggested but not available for checking: 'netmeta'
Flavor: r-devel-windows-x86_64-new-TK

Version: 1.2.0
Check: Rd cross-references
Result: NOTE
    Package unavailable to check Rd xrefs: 'netmeta'
Flavor: r-devel-windows-x86_64-new-TK

Version: 1.2.0
Check: examples
Result: ERROR
    Running examples in 'nmadb-Ex.R' failed
    The error most likely occurred in:
    
    > ### Name: runnetmeta
    > ### Title: Run 'netmeta'
    > ### Aliases: runnetmeta
    >
    > ### ** Examples
    >
    > ## Not run:
    > ##D Conduct random effects network meta-analysis
    > ##D in a random network with continuous outcome
    > ## End(Not run)
    > cid <- 501427
    > netc <- readByID(cid)
    [1] "getting dataset:" "501427"
    New names:
    * `` -> ...7
    * `` -> ...8
    * `` -> ...11
    > ## Not run: get type and effect
    > netc$type
    [1] "continuous"
    > netc$effect
    [1] "MD"
    > ## Not run: In order to run netmeta but get "SMD" summary effects instead
    > runnetmeta(recid=cid, measure="SMD")
    [1] "getting dataset:" "501427"
    New names:
    * `` -> ...7
    * `` -> ...8
    * `` -> ...11
    Error in loadNamespace(x) : there is no package called 'netmeta'
    Calls: runnetmeta ... loadNamespace -> withRestarts -> withOneRestart -> doWithOneRestart
    Execution halted
Flavor: r-devel-windows-x86_64-new-TK