CRAN Package Check Results for Package nlaR

Last updated on 2023-02-08 15:52:47 CET.

Flavor Version Tinstall Tcheck Ttotal Status Flags
r-devel-linux-x86_64-debian-clang 0.4.0 2.34 25.23 27.57 NOTE
r-devel-linux-x86_64-debian-gcc 0.4.0 1.72 19.28 21.00 NOTE
r-devel-linux-x86_64-fedora-clang 0.4.0 35.12 NOTE
r-devel-linux-x86_64-fedora-gcc 0.4.0 43.76 NOTE
r-devel-windows-x86_64 0.4.0 15.00 55.00 70.00 NOTE
r-patched-linux-x86_64 0.4.0 2.06 25.00 27.06 NOTE
r-release-linux-x86_64 0.4.0 1.63 23.85 25.48 NOTE
r-release-macos-arm64 0.4.0 17.00 NOTE
r-release-macos-x86_64 0.4.0 22.00 NOTE
r-release-windows-x86_64 0.4.0 16.00 57.00 73.00 NOTE
r-oldrel-macos-arm64 0.4.0 19.00 NOTE
r-oldrel-macos-x86_64 0.4.0 28.00 NOTE
r-oldrel-windows-ix86+x86_64 0.4.0 5.00 51.00 56.00 NOTE

Additional issues

donttest

Check Details

Version: 0.4.0
Check: LazyData
Result: NOTE
     'LazyData' is specified without a 'data' directory
Flavors: r-devel-linux-x86_64-debian-clang, r-devel-linux-x86_64-debian-gcc, r-devel-linux-x86_64-fedora-clang, r-devel-linux-x86_64-fedora-gcc, r-devel-windows-x86_64, r-patched-linux-x86_64, r-release-linux-x86_64, r-release-macos-arm64, r-release-macos-x86_64, r-release-windows-x86_64, r-oldrel-macos-arm64, r-oldrel-macos-x86_64, r-oldrel-windows-ix86+x86_64