Last updated on 2022-05-16 03:53:37 CEST.
Flavor | Version | Tinstall | Tcheck | Ttotal | Status | Flags |
---|---|---|---|---|---|---|
r-devel-linux-x86_64-debian-clang | 0.12.2 | 255.36 | 262.25 | 517.61 | WARN | |
r-devel-linux-x86_64-debian-gcc | 0.12.2 | 207.35 | 190.08 | 397.43 | OK | |
r-devel-linux-x86_64-fedora-clang | 0.12.2 | 675.00 | WARN | |||
r-devel-linux-x86_64-fedora-gcc | 0.12.2 | 632.53 | OK | |||
r-devel-windows-x86_64 | 0.12.2 | 739.00 | 270.00 | 1009.00 | NOTE | |
r-patched-linux-x86_64 | 0.12.2 | 234.57 | 249.56 | 484.13 | OK | |
r-release-linux-x86_64 | 0.12.2 | 232.01 | 246.82 | 478.83 | OK | |
r-release-macos-arm64 | 0.12.2 | 154.00 | NOTE | |||
r-release-macos-x86_64 | 0.12.2 | 196.00 | NOTE | |||
r-release-windows-x86_64 | 0.12.2 | 727.00 | 279.00 | 1006.00 | NOTE | |
r-oldrel-macos-arm64 | 0.12.2 | 160.00 | NOTE | |||
r-oldrel-macos-x86_64 | 0.12.2 | 197.00 | NOTE | |||
r-oldrel-windows-ix86+x86_64 | 0.12.2 | 496.00 | 309.00 | 805.00 | NOTE |
Version: 0.12.2
Check: whether package can be installed
Result: WARN
Found the following significant warnings:
RcppUtils.cpp:48:6: warning: use of bitwise '&' with boolean operands [-Wbitwise-instead-of-logical]
RcppNimbleUtils.cpp:298:8: warning: use of bitwise '|' with boolean operands [-Wbitwise-instead-of-logical]
nimDists.cpp:159:6: warning: use of bitwise '|' with boolean operands [-Wbitwise-instead-of-logical]
nimDists.cpp:189:8: warning: use of bitwise '|' with boolean operands [-Wbitwise-instead-of-logical]
nimDists.cpp:206:6: warning: use of bitwise '|' with boolean operands [-Wbitwise-instead-of-logical]
nimDists.cpp:236:8: warning: use of bitwise '|' with boolean operands [-Wbitwise-instead-of-logical]
nimDists.cpp:263:6: warning: use of bitwise '|' with boolean operands [-Wbitwise-instead-of-logical]
nimDists.cpp:315:6: warning: use of bitwise '|' with boolean operands [-Wbitwise-instead-of-logical]
nimDists.cpp:361:6: warning: use of bitwise '|' with boolean operands [-Wbitwise-instead-of-logical]
nimDists.cpp:380:8: warning: use of bitwise '|' with boolean operands [-Wbitwise-instead-of-logical]
nimbleGraph.cpp:183:6: warning: use of bitwise '|' with boolean operands [-Wbitwise-instead-of-logical]
Flavors: r-devel-linux-x86_64-debian-clang, r-devel-linux-x86_64-fedora-clang
Version: 0.12.2
Check: installed package size
Result: NOTE
installed size is 30.3Mb
sub-directories of 1Mb or more:
CppCode 1.2Mb
R 6.3Mb
classic-bugs 1.6Mb
include 5.9Mb
libs 14.7Mb
Flavors: r-devel-linux-x86_64-fedora-clang, r-devel-windows-x86_64, r-release-macos-arm64, r-release-macos-x86_64, r-release-windows-x86_64, r-oldrel-macos-arm64, r-oldrel-macos-x86_64, r-oldrel-windows-ix86+x86_64