CRAN Package Check Results for Package nightmares

Last updated on 2022-09-24 15:55:26 CEST.

Flavor Version Tinstall Tcheck Ttotal Status Flags
r-devel-linux-x86_64-debian-clang 0.0.2 23.31 292.70 316.01 NOTE
r-devel-linux-x86_64-debian-gcc 0.0.2 18.68 216.54 235.22 NOTE
r-devel-linux-x86_64-fedora-clang 0.0.2 411.79 NOTE
r-devel-linux-x86_64-fedora-gcc 0.0.2 440.11 NOTE
r-devel-windows-x86_64 0.0.2 43.00 313.00 356.00 NOTE
r-patched-linux-x86_64 0.0.2 29.33 280.77 310.10 NOTE
r-release-linux-x86_64 0.0.2 26.25 280.17 306.42 NOTE
r-release-macos-arm64 0.0.2 92.00 NOTE
r-release-macos-x86_64 0.0.2 123.00 NOTE
r-release-windows-x86_64 0.0.2 52.00 301.00 353.00 NOTE
r-oldrel-macos-arm64 0.0.2 53.00 NOTE
r-oldrel-macos-x86_64 0.0.2 96.00 NOTE
r-oldrel-windows-ix86+x86_64 0.0.2 64.00 310.00 374.00 NOTE

Check Details

Version: 0.0.2
Check: LazyData
Result: NOTE
     'LazyData' is specified without a 'data' directory
Flavors: r-devel-linux-x86_64-debian-clang, r-devel-linux-x86_64-debian-gcc, r-devel-linux-x86_64-fedora-clang, r-devel-linux-x86_64-fedora-gcc, r-devel-windows-x86_64, r-patched-linux-x86_64, r-release-linux-x86_64, r-release-macos-arm64, r-release-macos-x86_64, r-release-windows-x86_64, r-oldrel-macos-arm64, r-oldrel-macos-x86_64, r-oldrel-windows-ix86+x86_64

Version: 0.0.2
Check: installed package size
Result: NOTE
     installed size is 7.0Mb
     sub-directories of 1Mb or more:
     extdata 6.8Mb
Flavors: r-devel-linux-x86_64-fedora-clang, r-devel-windows-x86_64, r-release-macos-arm64, r-release-macos-x86_64, r-release-windows-x86_64, r-oldrel-macos-arm64, r-oldrel-macos-x86_64, r-oldrel-windows-ix86+x86_64

Version: 0.0.2
Check: dependencies in R code
Result: NOTE
    Namespaces in Imports field not imported from:
     ‘rgdal’ ‘sp’
     All declared Imports should be used.
Flavors: r-devel-linux-x86_64-fedora-clang, r-devel-linux-x86_64-fedora-gcc, r-release-macos-arm64, r-release-macos-x86_64, r-oldrel-macos-arm64, r-oldrel-macos-x86_64