CRAN Package Check Results for Package nhanesA

Last updated on 2024-07-23 15:48:16 CEST.

Flavor Version Tinstall Tcheck Ttotal Status Flags
r-devel-linux-x86_64-debian-clang 1.1 6.64 58.70 65.34 ERROR
r-devel-linux-x86_64-debian-gcc 1.1 4.12 53.48 57.60 OK
r-devel-linux-x86_64-fedora-clang 1.1 97.99 OK
r-devel-linux-x86_64-fedora-gcc 1.1 105.94 OK
r-devel-windows-x86_64 1.1 9.00 92.00 101.00 OK
r-patched-linux-x86_64 1.1 6.12 68.65 74.77 OK
r-release-linux-x86_64 1.1 4.70 68.40 73.10 OK
r-release-macos-arm64 1.1 86.00 OK
r-release-macos-x86_64 1.1 88.00 OK
r-release-windows-x86_64 1.1 7.00 93.00 100.00 OK
r-oldrel-macos-arm64 1.1 74.00 OK
r-oldrel-macos-x86_64 1.1 111.00 OK
r-oldrel-windows-x86_64 1.1 8.00 100.00 108.00 OK

Check Details

Version: 1.1
Check: re-building of vignette outputs
Result: ERROR Error(s) in re-building vignettes: ... --- re-building ‘Introducing_nhanesA.Rmd’ using rmarkdown --- finished re-building ‘Introducing_nhanesA.Rmd’ --- re-building ‘UsingSurveyWeights.rmd’ using rmarkdown Quitting from lines 36-45 [loadlibs] (UsingSurveyWeights.rmd) Error: processing vignette 'UsingSurveyWeights.rmd' failed with diagnostics: 'by' must specify a uniquely valid column --- failed re-building ‘UsingSurveyWeights.rmd’ SUMMARY: processing the following file failed: ‘UsingSurveyWeights.rmd’ Error: Vignette re-building failed. Execution halted Flavor: r-devel-linux-x86_64-debian-clang