CRAN Package Check Results for Package ngramr

Last updated on 2021-10-16 15:50:53 CEST.

Flavor Version Tinstall Tcheck Ttotal Status Flags
r-devel-linux-x86_64-debian-clang 1.7.4 5.44 53.43 58.87 OK
r-devel-linux-x86_64-debian-gcc 1.7.4 4.20 39.76 43.96 OK
r-devel-linux-x86_64-fedora-clang 1.7.4 80.72 NOTE
r-devel-linux-x86_64-fedora-gcc 1.7.4 66.94 NOTE
r-devel-windows-x86_64 1.7.4 7.00 60.00 67.00 OK
r-devel-windows-x86_64-gcc10-UCRT 1.7.4 NOTE
r-patched-linux-x86_64 1.7.4 5.76 49.37 55.13 OK
r-patched-solaris-x86 1.7.4 98.40 NOTE
r-release-linux-x86_64 1.7.4 5.28 49.44 54.72 OK
r-release-macos-arm64 1.7.4 NOTE
r-release-macos-x86_64 1.7.4 NOTE
r-release-windows-ix86+x86_64 1.7.4 15.00 77.00 92.00 OK
r-oldrel-macos-x86_64 1.7.4 NOTE
r-oldrel-windows-ix86+x86_64 1.7.4 14.00 80.00 94.00 OK

Check Details

Version: 1.7.4
Check: dependencies in R code
Result: NOTE
    Namespace in Imports field not imported from: ‘lifecycle’
     All declared Imports should be used.
Flavors: r-devel-linux-x86_64-fedora-clang, r-devel-linux-x86_64-fedora-gcc, r-devel-windows-x86_64-gcc10-UCRT, r-patched-solaris-x86, r-release-macos-arm64, r-release-macos-x86_64, r-oldrel-macos-x86_64