Last updated on 2023-01-28 03:55:58 CET.
Flavor | Version | Tinstall | Tcheck | Ttotal | Status | Flags |
---|---|---|---|---|---|---|
r-devel-linux-x86_64-debian-clang | 1.5 | 4.68 | 44.16 | 48.84 | OK | |
r-devel-linux-x86_64-debian-gcc | 1.6 | 3.40 | 34.22 | 37.62 | OK | |
r-devel-linux-x86_64-fedora-clang | 1.6 | 64.95 | NOTE | |||
r-devel-linux-x86_64-fedora-gcc | 1.6 | 78.26 | NOTE | |||
r-patched-linux-x86_64 | 1.5 | 4.74 | 43.71 | 48.45 | OK | |
r-release-linux-x86_64 | 1.5 | 3.78 | 43.82 | 47.60 | OK | |
r-release-macos-arm64 | 1.6 | 29.00 | OK | |||
r-release-macos-x86_64 | 1.5 | 34.00 | NOTE | |||
r-release-windows-x86_64 | 1.6 | 58.00 | 98.00 | 156.00 | OK | |
r-oldrel-macos-arm64 | 1.6 | 28.00 | OK | |||
r-oldrel-macos-x86_64 | 1.5 | 35.00 | NOTE | |||
r-oldrel-windows-ix86+x86_64 | 1.6 | 13.00 | 82.00 | 95.00 | OK |
Version: 1.6
Check: dependencies in R code
Result: NOTE
Namespace in Imports field not imported from: ‘utils’
All declared Imports should be used.
Flavors: r-devel-linux-x86_64-fedora-clang, r-devel-linux-x86_64-fedora-gcc
Version: 1.5
Check: dependencies in R code
Result: NOTE
Namespace in Imports field not imported from: ‘utils’
All declared Imports should be used.
Flavors: r-release-macos-x86_64, r-oldrel-macos-x86_64