CRAN Package Check Results for Package newsanchor

Last updated on 2024-07-13 15:49:06 CEST.

Flavor Version Tinstall Tcheck Ttotal Status Flags
r-devel-linux-x86_64-debian-clang 0.1.1 5.97 56.22 62.19 OK
r-devel-linux-x86_64-debian-gcc 0.1.1 4.60 41.58 46.18 OK
r-devel-linux-x86_64-fedora-clang 0.1.1 77.62 NOTE
r-devel-linux-x86_64-fedora-gcc 0.1.1 85.22 NOTE
r-devel-windows-x86_64 0.1.1 7.00 65.00 72.00 OK
r-patched-linux-x86_64 0.1.1 4.10 52.10 56.20 OK
r-release-linux-x86_64 0.1.1 3.60 52.46 56.06 OK
r-release-macos-arm64 0.1.1 39.00 OK
r-release-macos-x86_64 0.1.1 84.00 OK
r-release-windows-x86_64 0.1.1 7.00 66.00 73.00 OK
r-oldrel-macos-arm64 0.1.1 36.00 OK
r-oldrel-macos-x86_64 0.1.1 53.00 OK
r-oldrel-windows-x86_64 0.1.1 8.00 72.00 80.00 OK

Check Details

Version: 0.1.1
Check: dependencies in R code
Result: NOTE Namespaces in Imports field not imported from: ‘devtools’ ‘xml2’ All declared Imports should be used. Flavors: r-devel-linux-x86_64-fedora-clang, r-devel-linux-x86_64-fedora-gcc

Version: 0.1.1
Check: data for non-ASCII characters
Result: NOTE Note: found 318 marked UTF-8 strings Flavors: r-devel-linux-x86_64-fedora-clang, r-devel-linux-x86_64-fedora-gcc