CRAN Package Check Results for Package netmhc2pan

Last updated on 2022-09-30 04:59:15 CEST.

Flavor Version Tinstall Tcheck Ttotal Status Flags
r-devel-linux-x86_64-debian-clang 1.3.1 3.67 36.43 40.10 NOTE
r-devel-linux-x86_64-debian-gcc 1.3.1 2.73 28.84 31.57 NOTE
r-devel-linux-x86_64-fedora-clang 1.3.1 62.14 NOTE
r-devel-linux-x86_64-fedora-gcc 1.3.1 61.67 NOTE
r-devel-windows-x86_64 1.3.1 52.00 78.00 130.00 NOTE
r-patched-linux-x86_64 1.3.1 3.46 34.96 38.42 NOTE
r-release-linux-x86_64 1.3.1 2.32 35.22 37.54 NOTE
r-release-macos-arm64 1.3.1 79.00 NOTE
r-release-macos-x86_64 1.3.1 30.00 NOTE
r-release-windows-x86_64 1.3.1 42.00 71.00 113.00 NOTE
r-oldrel-macos-arm64 1.3.1 25.00 NOTE
r-oldrel-macos-x86_64 1.3.1 37.00 NOTE
r-oldrel-windows-ix86+x86_64 1.3.1 11.00 64.00 75.00 NOTE

Check Details

Version: 1.3.1
Check: LazyData
Result: NOTE
     'LazyData' is specified without a 'data' directory
Flavors: r-devel-linux-x86_64-debian-clang, r-devel-linux-x86_64-debian-gcc, r-devel-linux-x86_64-fedora-clang, r-devel-linux-x86_64-fedora-gcc, r-devel-windows-x86_64, r-patched-linux-x86_64, r-release-linux-x86_64, r-release-macos-arm64, r-release-macos-x86_64, r-release-windows-x86_64, r-oldrel-macos-arm64, r-oldrel-macos-x86_64, r-oldrel-windows-ix86+x86_64