CRAN Package Check Results for Package netgsa

Last updated on 2022-01-19 04:48:30 CET.

Flavor Version Tinstall Tcheck Ttotal Status Flags
r-devel-linux-x86_64-debian-clang 4.0.3 76.79 272.11 348.90 OK
r-devel-linux-x86_64-debian-gcc 4.0.3 62.93 207.10 270.03 OK
r-devel-linux-x86_64-fedora-clang 4.0.3 438.05 NOTE
r-devel-linux-x86_64-fedora-gcc 4.0.3 412.68 OK
r-devel-windows-x86_64-new-UL 4.0.3 87.00 293.00 380.00 OK
r-devel-windows-x86_64-new-TK 4.0.3 OK
r-patched-linux-x86_64 4.0.3 79.31 262.66 341.97 OK
r-release-linux-x86_64 4.0.3 OK
r-release-macos-arm64 4.0.3 NOTE
r-release-macos-x86_64 4.0.3 NOTE
r-release-windows-ix86+x86_64 4.0.3 164.00 392.00 556.00 NOTE
r-oldrel-macos-x86_64 4.0.3 NOTE
r-oldrel-windows-ix86+x86_64 4.0.3 161.00 328.00 489.00 NOTE

Check Details

Version: 4.0.3
Check: package dependencies
Result: NOTE
    Imports includes 21 non-default packages.
    Importing from so many packages makes the package vulnerable to any of
    them becoming unavailable. Move as many as possible to Suggests and
    use conditionally.
Flavor: r-devel-linux-x86_64-fedora-clang

Version: 4.0.3
Check: installed package size
Result: NOTE
     installed size is 20.5Mb
     sub-directories of 1Mb or more:
     doc 2.8Mb
     libs 16.8Mb
Flavors: r-devel-linux-x86_64-fedora-clang, r-release-macos-arm64, r-release-macos-x86_64, r-release-windows-ix86+x86_64, r-oldrel-macos-x86_64, r-oldrel-windows-ix86+x86_64

Version: 4.0.3
Check: package dependencies
Result: NOTE
    Package suggested but not available for checking: ‘ndexr’
Flavor: r-oldrel-macos-x86_64