Last updated on 2023-01-29 03:55:20 CET.
Flavor | Version | Tinstall | Tcheck | Ttotal | Status | Flags |
---|---|---|---|---|---|---|
r-devel-linux-x86_64-debian-clang | 1.22.5 | 158.32 | 443.63 | 601.95 | OK | |
r-devel-linux-x86_64-debian-gcc | 1.22.5 | 123.75 | 321.96 | 445.71 | NOTE | |
r-devel-linux-x86_64-fedora-clang | 1.22.5 | 775.25 | NOTE | |||
r-devel-linux-x86_64-fedora-gcc | 1.22.5 | 814.68 | NOTE | |||
r-devel-windows-x86_64 | 1.22.5 | 358.00 | 270.00 | 628.00 | NOTE | --no-vignettes |
r-patched-linux-x86_64 | 1.22.5 | 136.62 | 407.11 | 543.73 | OK | |
r-release-linux-x86_64 | 1.22.5 | 136.03 | 400.67 | 536.70 | OK | |
r-release-macos-arm64 | 1.22.5 | 148.00 | NOTE | |||
r-release-macos-x86_64 | 1.22.5 | 228.00 | NOTE | |||
r-release-windows-x86_64 | 1.22.5 | 175.00 | 265.00 | 440.00 | NOTE | --no-vignettes |
r-oldrel-macos-arm64 | 1.22.5 | 141.00 | NOTE | |||
r-oldrel-macos-x86_64 | 1.22.5 | 235.00 | NOTE | |||
r-oldrel-windows-ix86+x86_64 | 1.22.5 | 366.00 | 499.00 | 865.00 | NOTE | --no-vignettes |
Version: 1.22.5
Check: C++ specification
Result: NOTE
Specified C++11: please update to current default of C++17
Flavors: r-devel-linux-x86_64-debian-gcc, r-devel-linux-x86_64-fedora-clang, r-devel-linux-x86_64-fedora-gcc
Version: 1.22.5
Check: installed package size
Result: NOTE
installed size is 5.0Mb
sub-directories of 1Mb or more:
doc 2.5Mb
Flavors: r-devel-linux-x86_64-fedora-clang, r-release-macos-arm64, r-release-macos-x86_64, r-oldrel-macos-arm64, r-oldrel-macos-x86_64
Version: 1.22.5
Flags: --no-vignettes
Check: installed package size
Result: NOTE
installed size is 5.8Mb
sub-directories of 1Mb or more:
doc 2.5Mb
libs 1.5Mb
Flavors: r-devel-windows-x86_64, r-release-windows-x86_64, r-oldrel-windows-ix86+x86_64