CRAN Package Check Results for Package netSEM

Last updated on 2024-07-19 03:57:26 CEST.

Flavor Version Tinstall Tcheck Ttotal Status Flags
r-devel-linux-x86_64-debian-clang 0.6.2 8.95 105.16 114.11 NOTE
r-devel-linux-x86_64-debian-gcc 0.6.2 7.51 78.25 85.76 NOTE
r-devel-linux-x86_64-fedora-clang 0.6.2 146.06 NOTE
r-devel-linux-x86_64-fedora-gcc 0.6.2 152.39 NOTE
r-devel-windows-x86_64 0.6.2 12.00 103.00 115.00 NOTE
r-patched-linux-x86_64 0.6.2 6.55 100.86 107.41 NOTE
r-release-linux-x86_64 0.6.2 7.15 100.07 107.22 NOTE
r-release-macos-arm64 0.6.2 58.00 NOTE
r-release-macos-x86_64 0.6.2 81.00 NOTE
r-release-windows-x86_64 0.6.2 10.00 104.00 114.00 NOTE
r-oldrel-macos-arm64 0.6.2 67.00 OK
r-oldrel-macos-x86_64 0.6.2 103.00 OK
r-oldrel-windows-x86_64 0.6.2 14.00 119.00 133.00 OK

Check Details

Version: 0.6.2
Check: Rd files
Result: NOTE checkRd: (-1) PVmodule.Rd:27: Lost braces; missing escapes or markup? 27 | In the resulting netSEM model, time was used as a proxy for damp heat exposure stress (S) variable and $P_{max}$ (maximum power generated by the modules) was used as the performance level response ($R$) variable, several mechanistic variables ($M$) were obtained through chemical evaluation methods, including FTIR and TGA on EVA encapsulant. | ^ checkRd: (-1) netSEMp1.Rd:55: Lost braces 55 | For example, in the quadratic functional form y ~ b0 + b1x + b2x^2, the three P-values correspond two those of \\hat{b0}, \\hat{b1} and \\hat{b2}, respectively. | ^ checkRd: (-1) netSEMp1.Rd:55: Lost braces 55 | For example, in the quadratic functional form y ~ b0 + b1x + b2x^2, the three P-values correspond two those of \\hat{b0}, \\hat{b1} and \\hat{b2}, respectively. | ^ checkRd: (-1) netSEMp1.Rd:55: Lost braces 55 | For example, in the quadratic functional form y ~ b0 + b1x + b2x^2, the three P-values correspond two those of \\hat{b0}, \\hat{b1} and \\hat{b2}, respectively. | ^ Flavors: r-devel-linux-x86_64-debian-clang, r-devel-linux-x86_64-debian-gcc, r-devel-linux-x86_64-fedora-clang, r-devel-linux-x86_64-fedora-gcc, r-devel-windows-x86_64, r-patched-linux-x86_64, r-release-linux-x86_64, r-release-macos-arm64, r-release-macos-x86_64, r-release-windows-x86_64