CRAN Package Check Results for Package neo4r

Last updated on 2024-07-14 03:55:16 CEST.

Flavor Version Tinstall Tcheck Ttotal Status Flags
r-devel-linux-x86_64-debian-clang 0.1.1 8.34 55.10 63.44 NOTE
r-devel-linux-x86_64-debian-gcc 0.1.1 6.33 43.00 49.33 NOTE
r-devel-linux-x86_64-fedora-clang 0.1.1 83.10 NOTE
r-devel-linux-x86_64-fedora-gcc 0.1.1 75.76 NOTE
r-devel-windows-x86_64 0.1.1 10.00 61.00 71.00 NOTE
r-patched-linux-x86_64 0.1.1 8.62 53.13 61.75 NOTE
r-release-linux-x86_64 0.1.1 5.70 52.44 58.14 NOTE
r-release-macos-arm64 0.1.1 27.00 NOTE
r-release-macos-x86_64 0.1.1 38.00 NOTE
r-release-windows-x86_64 0.1.1 8.00 62.00 70.00 NOTE
r-oldrel-macos-arm64 0.1.1 28.00 NOTE
r-oldrel-macos-x86_64 0.1.1 39.00 NOTE
r-oldrel-windows-x86_64 0.1.1 11.00 71.00 82.00 NOTE

Check Details

Version: 0.1.1
Check: LazyData
Result: NOTE 'LazyData' is specified without a 'data' directory Flavors: r-devel-linux-x86_64-debian-clang, r-devel-linux-x86_64-debian-gcc, r-devel-linux-x86_64-fedora-clang, r-devel-linux-x86_64-fedora-gcc, r-devel-windows-x86_64, r-patched-linux-x86_64, r-release-linux-x86_64, r-release-macos-arm64, r-release-macos-x86_64, r-release-windows-x86_64, r-oldrel-macos-arm64, r-oldrel-macos-x86_64, r-oldrel-windows-x86_64

Version: 0.1.1
Check: dependencies in R code
Result: NOTE Namespaces in Imports field not imported from: ‘igraph’ ‘rlang’ ‘tidyselect’ All declared Imports should be used. Flavors: r-devel-linux-x86_64-fedora-clang, r-devel-linux-x86_64-fedora-gcc