CRAN Package Check Results for Package ncf

Last updated on 2024-07-22 03:49:23 CEST.

Flavor Version Tinstall Tcheck Ttotal Status Flags
r-devel-linux-x86_64-debian-clang 1.3-2 5.36 52.93 58.29 NOTE
r-devel-linux-x86_64-debian-gcc 1.3-2 3.72 37.83 41.55 NOTE
r-devel-linux-x86_64-fedora-clang 1.3-2 71.44 NOTE
r-devel-linux-x86_64-fedora-gcc 1.3-2 68.48 NOTE
r-devel-windows-x86_64 1.3-2 5.00 65.00 70.00 NOTE
r-patched-linux-x86_64 1.3-2 5.22 48.51 53.73 NOTE
r-release-linux-x86_64 1.3-2 5.47 50.03 55.50 NOTE
r-release-macos-arm64 1.3-2 26.00 NOTE
r-release-macos-x86_64 1.3-2 42.00 NOTE
r-release-windows-x86_64 1.3-2 5.00 62.00 67.00 NOTE
r-oldrel-macos-arm64 1.3-2 23.00 NOTE
r-oldrel-macos-x86_64 1.3-2 36.00 NOTE
r-oldrel-windows-x86_64 1.3-2 6.00 67.00 73.00 NOTE

Check Details

Version: 1.3-2
Check: package subdirectories
Result: NOTE Problems with news in ‘NEWS.md’: No news entries found. Flavors: r-devel-linux-x86_64-debian-clang, r-devel-linux-x86_64-debian-gcc, r-devel-linux-x86_64-fedora-clang, r-devel-linux-x86_64-fedora-gcc, r-devel-windows-x86_64, r-patched-linux-x86_64, r-release-linux-x86_64, r-release-macos-arm64, r-release-macos-x86_64, r-release-windows-x86_64, r-oldrel-macos-arm64, r-oldrel-macos-x86_64, r-oldrel-windows-x86_64