CRAN Package Check Results for Package nbfar

Last updated on 2022-10-07 03:56:00 CEST.

Flavor Version Tinstall Tcheck Ttotal Status Flags
r-devel-linux-x86_64-debian-clang 0.1 69.83 86.82 156.65 OK
r-devel-linux-x86_64-debian-gcc 0.1 57.45 66.91 124.36 OK
r-devel-linux-x86_64-fedora-clang 0.1 210.00 NOTE
r-devel-linux-x86_64-fedora-gcc 0.1 221.60 NOTE
r-devel-windows-x86_64 0.1 55.00 141.00 196.00 OK
r-patched-linux-x86_64 0.1 66.95 83.42 150.37 OK
r-release-linux-x86_64 0.1 57.48 81.40 138.88 OK
r-release-macos-arm64 0.1 54.00 NOTE
r-release-macos-x86_64 0.1 99.00 NOTE
r-release-windows-x86_64 0.1 330.00 134.00 464.00 OK
r-oldrel-macos-arm64 0.1 46.00 NOTE
r-oldrel-macos-x86_64 0.1 70.00 NOTE
r-oldrel-windows-ix86+x86_64 0.1 159.00 153.00 312.00 OK

Check Details

Version: 0.1
Check: dependencies in R code
Result: NOTE
    Namespaces in Imports field not imported from:
     ‘glmnet’ ‘rrpack’
     All declared Imports should be used.
Flavors: r-devel-linux-x86_64-fedora-clang, r-devel-linux-x86_64-fedora-gcc, r-release-macos-arm64, r-release-macos-x86_64, r-oldrel-macos-arm64, r-oldrel-macos-x86_64

Version: 0.1
Check: installed package size
Result: NOTE
     installed size is 6.8Mb
     sub-directories of 1Mb or more:
     libs 6.5Mb
Flavors: r-release-macos-arm64, r-release-macos-x86_64, r-oldrel-macos-arm64, r-oldrel-macos-x86_64