CRAN Package Check Results for Package nawtilus

Last updated on 2021-12-07 03:53:48 CET.

Flavor Version Tinstall Tcheck Ttotal Status Flags
r-devel-linux-x86_64-debian-clang 0.1.4 5.05 44.30 49.35 OK
r-devel-linux-x86_64-debian-gcc 0.1.4 4.52 34.42 38.94 OK
r-devel-linux-x86_64-fedora-clang 0.1.4 63.67 NOTE
r-devel-linux-x86_64-fedora-gcc 0.1.4 53.38 OK
r-devel-windows-x86_64-new-UL 0.1.4 11.00 69.00 80.00 OK
r-devel-windows-x86_64-new-TK 0.1.4 OK
r-devel-windows-x86_64-old 0.1.4 9.00 40.00 49.00 OK
r-patched-linux-x86_64 0.1.4 5.58 34.92 40.50 OK
r-release-linux-x86_64 0.1.4 5.14 42.87 48.01 OK
r-release-macos-arm64 0.1.4 OK
r-release-macos-x86_64 0.1.4 OK
r-release-windows-ix86+x86_64 0.1.4 8.00 53.00 61.00 OK
r-oldrel-macos-x86_64 0.1.4 OK
r-oldrel-windows-ix86+x86_64 0.1.4 11.00 51.00 62.00 OK

Check Details

Version: 0.1.4
Check: Rd cross-references
Result: NOTE
    Undeclared package ‘CBPS’ in Rd xrefs
Flavor: r-devel-linux-x86_64-fedora-clang