CRAN Package Check Results for Package natural

Last updated on 2022-01-28 04:00:55 CET.

Flavor Version Tinstall Tcheck Ttotal Status Flags
r-devel-linux-x86_64-debian-clang 0.9.0 11.86 163.74 175.60 NOTE
r-devel-linux-x86_64-debian-gcc 0.9.0 9.31 139.93 149.24 NOTE
r-devel-linux-x86_64-fedora-clang 0.9.0 206.59 NOTE
r-devel-linux-x86_64-fedora-gcc 0.9.0 216.62 NOTE
r-devel-windows-x86_64-new-UL 0.9.0 36.00 190.00 226.00 NOTE
r-devel-windows-x86_64-new-TK 0.9.0 NOTE
r-patched-linux-x86_64 0.9.0 9.86 165.03 174.89 NOTE
r-release-linux-x86_64 0.9.0 8.28 168.77 177.05 NOTE
r-release-macos-arm64 0.9.0 NOTE
r-release-macos-x86_64 0.9.0 NOTE
r-release-windows-ix86+x86_64 0.9.0 28.00 214.00 242.00 NOTE
r-oldrel-macos-x86_64 0.9.0 OK
r-oldrel-windows-ix86+x86_64 0.9.0 26.00 219.00 245.00 OK

Check Details

Version: 0.9.0
Check: LazyData
Result: NOTE
     'LazyData' is specified without a 'data' directory
Flavors: r-devel-linux-x86_64-debian-clang, r-devel-linux-x86_64-debian-gcc, r-devel-linux-x86_64-fedora-clang, r-devel-linux-x86_64-fedora-gcc, r-devel-windows-x86_64-new-UL, r-devel-windows-x86_64-new-TK, r-patched-linux-x86_64, r-release-linux-x86_64, r-release-macos-arm64, r-release-macos-x86_64, r-release-windows-ix86+x86_64