CRAN Package Check Results for Package nabor

Last updated on 2024-07-15 03:49:33 CEST.

Flavor Version Tinstall Tcheck Ttotal Status Flags
r-devel-linux-x86_64-debian-clang 0.5.0 69.78 36.87 106.65 OK
r-devel-linux-x86_64-debian-gcc 0.5.0 53.01 29.04 82.05 OK
r-devel-linux-x86_64-fedora-clang 0.5.0 154.11 OK
r-devel-linux-x86_64-fedora-gcc 0.5.0 163.91 OK
r-devel-windows-x86_64 0.5.0 61.00 71.00 132.00 OK
r-patched-linux-x86_64 0.5.0 66.00 37.00 103.00 OK
r-release-linux-x86_64 0.5.0 66.39 36.73 103.12 OK
r-release-macos-arm64 0.5.0 38.00 NOTE
r-release-macos-x86_64 0.5.0 51.00 NOTE
r-release-windows-x86_64 0.5.0 60.00 74.00 134.00 OK
r-oldrel-macos-arm64 0.5.0 45.00 NOTE
r-oldrel-macos-x86_64 0.5.0 66.00 NOTE
r-oldrel-windows-x86_64 0.5.0 73.00 84.00 157.00 OK

Check Details

Version: 0.5.0
Check: installed package size
Result: NOTE installed size is 8.8Mb sub-directories of 1Mb or more: libs 8.7Mb Flavors: r-release-macos-arm64, r-release-macos-x86_64, r-oldrel-macos-arm64, r-oldrel-macos-x86_64