CRAN Package Check Results for Package naaccr

Last updated on 2024-07-20 03:49:08 CEST.

Flavor Version Tinstall Tcheck Ttotal Status Flags
r-devel-linux-x86_64-debian-clang 2.0.2 6.45 109.18 115.63 OK
r-devel-linux-x86_64-debian-gcc 2.0.2 4.36 160.35 164.71 OK
r-devel-linux-x86_64-fedora-clang 2.0.2 201.80 NOTE
r-devel-linux-x86_64-fedora-gcc 2.0.2 155.83 NOTE
r-devel-windows-x86_64 2.0.2 7.00 112.00 119.00 NOTE
r-patched-linux-x86_64 2.0.2 6.96 186.75 193.71 OK
r-release-linux-x86_64 2.0.2 4.87 184.21 189.08 OK
r-release-macos-arm64 2.0.2 40.00 OK
r-release-macos-x86_64 2.0.2 66.00 OK
r-release-windows-x86_64 2.0.2 5.00 110.00 115.00 OK
r-oldrel-macos-arm64 2.0.2 43.00 OK
r-oldrel-macos-x86_64 2.0.2 75.00 OK
r-oldrel-windows-x86_64 2.0.2 6.00 129.00 135.00 OK

Check Details

Version: 2.0.2
Check: data for non-ASCII characters
Result: NOTE Note: found 50 marked UTF-8 strings Flavors: r-devel-linux-x86_64-fedora-clang, r-devel-linux-x86_64-fedora-gcc

Version: 2.0.2
Check: Rd cross-references
Result: NOTE Found the following Rd file(s) with Rd \link{} targets missing package anchors: write_naaccr_xml.Rd: XMLInternalDocument-class Please provide package anchors for all Rd \link{} targets not in the package itself and the base packages. Flavor: r-devel-windows-x86_64