CRAN Package Check Results for Package nCov2019

Last updated on 2022-01-19 04:48:30 CET.

Flavor Version Tinstall Tcheck Ttotal Status Flags
r-devel-linux-x86_64-debian-clang 0.4.5 5.68 96.08 101.76 OK
r-devel-linux-x86_64-debian-gcc 0.4.5 3.92 73.97 77.89 OK
r-devel-linux-x86_64-fedora-clang 0.4.5 118.56 NOTE
r-devel-linux-x86_64-fedora-gcc 0.4.5 108.62 OK
r-devel-windows-x86_64-new-UL 0.4.5 43.00 135.00 178.00 NOTE
r-devel-windows-x86_64-new-TK 0.4.5 OK
r-patched-linux-x86_64 0.4.5 5.50 89.91 95.41 OK
r-release-linux-x86_64 0.4.5 OK
r-release-macos-arm64 0.4.5 NOTE
r-release-macos-x86_64 0.4.5 NOTE
r-release-windows-ix86+x86_64 0.4.5 15.00 224.00 239.00 NOTE
r-oldrel-macos-x86_64 0.4.5 NOTE
r-oldrel-windows-ix86+x86_64 0.4.5 15.00 127.00 142.00 NOTE

Check Details

Version: 0.4.5
Check: installed package size
Result: NOTE
     installed size is 6.4Mb
     sub-directories of 1Mb or more:
     doc 5.4Mb
Flavors: r-devel-linux-x86_64-fedora-clang, r-devel-windows-x86_64-new-UL, r-release-macos-arm64, r-release-macos-x86_64, r-release-windows-ix86+x86_64, r-oldrel-macos-x86_64, r-oldrel-windows-ix86+x86_64