CRAN Package Check Results for Package mycor

Last updated on 2023-02-05 15:55:21 CET.

Flavor Version Tinstall Tcheck Ttotal Status Flags
r-devel-linux-x86_64-debian-clang 0.1.1 2.19 28.15 30.34 NOTE
r-devel-linux-x86_64-debian-gcc 0.1.1 1.95 22.16 24.11 NOTE
r-devel-linux-x86_64-fedora-clang 0.1.1 39.88 NOTE
r-devel-linux-x86_64-fedora-gcc 0.1.1 53.86 NOTE
r-devel-windows-x86_64 0.1.1 13.00 63.00 76.00 NOTE
r-patched-linux-x86_64 0.1.1 2.80 28.51 31.31 NOTE
r-release-linux-x86_64 0.1.1 2.17 31.62 33.79 NOTE
r-release-macos-arm64 0.1.1 20.00 NOTE
r-release-macos-x86_64 0.1.1 29.00 NOTE
r-release-windows-x86_64 0.1.1 16.00 70.00 86.00 NOTE
r-oldrel-macos-arm64 0.1.1 23.00 NOTE
r-oldrel-macos-x86_64 0.1.1 37.00 NOTE
r-oldrel-windows-ix86+x86_64 0.1.1 7.00 56.00 63.00 NOTE

Check Details

Version: 0.1.1
Check: LazyData
Result: NOTE
     'LazyData' is specified without a 'data' directory
Flavors: r-devel-linux-x86_64-debian-clang, r-devel-linux-x86_64-debian-gcc, r-devel-linux-x86_64-fedora-clang, r-devel-linux-x86_64-fedora-gcc, r-devel-windows-x86_64, r-patched-linux-x86_64, r-release-linux-x86_64, r-release-macos-arm64, r-release-macos-x86_64, r-release-windows-x86_64, r-oldrel-macos-arm64, r-oldrel-macos-x86_64, r-oldrel-windows-ix86+x86_64