CRAN Package Check Results for Package mvmeta

Last updated on 2024-06-13 03:49:26 CEST.

Flavor Version Tinstall Tcheck Ttotal Status Flags
r-devel-linux-x86_64-debian-clang 1.0.3 4.31 60.89 65.20 OK
r-devel-linux-x86_64-debian-gcc 1.0.3 2.63 43.24 45.87 NOTE
r-devel-linux-x86_64-fedora-clang 1.0.3 82.22 NOTE
r-devel-linux-x86_64-fedora-gcc 1.0.3 74.67 OK
r-devel-windows-x86_64 1.0.3 5.00 79.00 84.00 OK
r-patched-linux-x86_64 1.0.3 6.49 55.91 62.40 OK
r-release-linux-x86_64 1.0.3 5.51 57.39 62.90 OK
r-release-macos-arm64 1.0.3 24.00 OK
r-release-macos-x86_64 1.0.3 38.00 OK
r-release-windows-x86_64 1.0.3 5.00 73.00 78.00 OK
r-oldrel-macos-arm64 1.0.3 28.00 OK
r-oldrel-macos-x86_64 1.0.3 42.00 OK
r-oldrel-windows-x86_64 1.0.3 6.00 86.00 92.00 OK

Check Details

Version: 1.0.3
Check: package dependencies
Result: NOTE Package suggested but not available for checking: ‘meta’ Flavor: r-devel-linux-x86_64-debian-gcc

Version: 1.0.3
Check: Rd cross-references
Result: NOTE Undeclared package ‘dosresmeta’ in Rd xrefs Flavor: r-devel-linux-x86_64-fedora-clang