CRAN Package Check Results for Package mvmeta

Last updated on 2022-01-21 03:56:05 CET.

Flavor Version Tinstall Tcheck Ttotal Status Flags
r-devel-linux-x86_64-debian-clang 1.0.3 OK
r-devel-linux-x86_64-debian-gcc 1.0.3 3.96 46.13 50.09 OK
r-devel-linux-x86_64-fedora-clang 1.0.3 81.52 NOTE
r-devel-linux-x86_64-fedora-gcc 1.0.3 69.09 OK
r-devel-windows-x86_64-new-UL 1.0.3 40.00 87.00 127.00 OK
r-devel-windows-x86_64-new-TK 1.0.3 OK
r-patched-linux-x86_64 1.0.3 5.37 59.97 65.34 OK
r-release-linux-x86_64 1.0.3 4.75 58.85 63.60 OK
r-release-macos-arm64 1.0.3 OK
r-release-macos-x86_64 1.0.3 OK
r-release-windows-ix86+x86_64 1.0.3 9.00 70.00 79.00 OK
r-oldrel-macos-x86_64 1.0.3 OK
r-oldrel-windows-ix86+x86_64 1.0.3 8.00 69.00 77.00 OK

Check Details

Version: 1.0.3
Check: Rd cross-references
Result: NOTE
    Undeclared package ‘dosresmeta’ in Rd xrefs
Flavor: r-devel-linux-x86_64-fedora-clang