CRAN Package Check Results for Package mvabund

Last updated on 2022-01-23 02:56:18 CET.

Flavor Version Tinstall Tcheck Ttotal Status Flags
r-devel-linux-x86_64-debian-clang 4.1.12 100.59 183.41 284.00 OK
r-devel-linux-x86_64-debian-gcc 4.1.12 67.87 136.27 204.14 OK
r-devel-linux-x86_64-fedora-clang 4.1.12 375.38 OK
r-devel-linux-x86_64-fedora-gcc 4.1.12 339.54 OK
r-devel-windows-x86_64-new-UL 4.1.12 150.00 230.00 380.00 OK
r-devel-windows-x86_64-new-TK 4.1.12 OK
r-patched-linux-x86_64 4.1.12 85.46 179.24 264.70 OK
r-release-linux-x86_64 4.1.12 81.50 177.38 258.88 OK
r-release-macos-arm64 4.1.12 NOTE
r-release-macos-x86_64 4.1.12 NOTE
r-release-windows-ix86+x86_64 4.1.12 214.00 318.00 532.00 OK
r-oldrel-macos-x86_64 4.1.12 NOTE
r-oldrel-windows-ix86+x86_64 4.1.12 212.00 313.00 525.00 OK

Check Details

Version: 4.1.12
Check: installed package size
Result: NOTE
     installed size is 7.1Mb
     sub-directories of 1Mb or more:
     libs 6.0Mb
Flavors: r-release-macos-arm64, r-release-macos-x86_64, r-oldrel-macos-x86_64