CRAN Package Check Results for Package mvPot

Last updated on 2022-07-03 03:50:01 CEST.

Flavor Version Tinstall Tcheck Ttotal Status Flags
r-devel-linux-x86_64-debian-clang 0.1.5 6.14 36.21 42.35 OK
r-devel-linux-x86_64-debian-gcc 0.1.5 4.38 27.95 32.33 OK
r-devel-linux-x86_64-fedora-clang 0.1.5 63.18 NOTE
r-devel-linux-x86_64-fedora-gcc 0.1.5 61.60 OK
r-devel-windows-x86_64 0.1.5 18.00 69.00 87.00 OK
r-patched-linux-x86_64 0.1.5 5.61 36.39 42.00 OK
r-release-linux-x86_64 0.1.5 5.42 35.24 40.66 OK
r-release-macos-arm64 0.1.5 19.00 OK
r-release-macos-x86_64 0.1.5 28.00 OK
r-release-windows-x86_64 0.1.5 18.00 69.00 87.00 OK
r-oldrel-macos-arm64 0.1.5 25.00 OK
r-oldrel-macos-x86_64 0.1.5 38.00 OK
r-oldrel-windows-ix86+x86_64 0.1.5 13.00 81.00 94.00 OK

Check Details

Version: 0.1.5
Check: Rd cross-references
Result: NOTE
    Undeclared package ‘mev’ in Rd xrefs
Flavor: r-devel-linux-x86_64-fedora-clang