CRAN Package Check Results for Package musica

Last updated on 2024-07-24 03:49:22 CEST.

Flavor Version Tinstall Tcheck Ttotal Status Flags
r-devel-linux-x86_64-debian-clang 0.1.3 10.52 112.73 123.25 OK
r-devel-linux-x86_64-debian-gcc 0.1.3 7.57 88.64 96.21 NOTE
r-devel-linux-x86_64-fedora-clang 0.1.3 156.73 OK
r-devel-linux-x86_64-fedora-gcc 0.1.3 161.08 OK
r-devel-windows-x86_64 0.1.3 9.00 95.00 104.00 NOTE
r-patched-linux-x86_64 0.1.3 12.92 110.71 123.63 OK
r-release-linux-x86_64 0.1.3 10.24 107.80 118.04 OK
r-release-macos-arm64 0.1.3 46.00 OK
r-release-macos-x86_64 0.1.3 95.00 OK
r-release-windows-x86_64 0.1.3 9.00 97.00 106.00 OK
r-oldrel-macos-arm64 0.1.3 52.00 OK
r-oldrel-macos-x86_64 0.1.3 83.00 OK
r-oldrel-windows-x86_64 0.1.3 12.00 114.00 126.00 OK

Check Details

Version: 0.1.3
Check: Rd cross-references
Result: NOTE Found the following Rd file(s) with Rd \link{} targets missing package anchors: msTrans_abs.Rd: doQmapQUANT, qmap tscale.Rd: lubridate Please provide package anchors for all Rd \link{} targets not in the package itself and the base packages. Flavors: r-devel-linux-x86_64-debian-gcc, r-devel-windows-x86_64