Last updated on 2023-12-01 15:53:42 CET.
Flavor | Version | Tinstall | Tcheck | Ttotal | Status | Flags |
---|---|---|---|---|---|---|
r-devel-linux-x86_64-debian-clang | 1.2.3 | 3.00 | 27.24 | 30.24 | OK | |
r-devel-linux-x86_64-debian-gcc | 1.2.3 | 1.95 | 21.54 | 23.49 | OK | |
r-devel-linux-x86_64-fedora-clang | 1.2.3 | 38.74 | NOTE | |||
r-devel-linux-x86_64-fedora-gcc | 1.2.3 | 36.60 | OK | |||
r-devel-windows-x86_64 | 1.2.3 | 3.00 | 44.00 | 47.00 | OK | |
r-patched-linux-x86_64 | 1.2.3 | 2.79 | 27.10 | 29.89 | OK | |
r-release-linux-x86_64 | 1.2.3 | 2.52 | 27.08 | 29.60 | OK | |
r-release-macos-arm64 | 1.2.3 | 16.00 | OK | |||
r-release-macos-x86_64 | 1.2.3 | 24.00 | OK | |||
r-release-windows-x86_64 | 1.2.3 | 4.00 | 48.00 | 52.00 | OK | |
r-oldrel-macos-arm64 | 1.2.3 | 19.00 | OK | |||
r-oldrel-macos-x86_64 | 1.2.3 | 25.00 | OK | |||
r-oldrel-windows-x86_64 | 1.2.3 | 4.00 | 47.00 | 51.00 | OK |
Version: 1.2.3
Check: Rd cross-references
Result: NOTE
Undeclared package ‘lfe’ in Rd xrefs
Flavor: r-devel-linux-x86_64-fedora-clang